h and u?
9
Let m(s) = -s**3 + 4*s**2 + 2*s - 5. Let p be -12*(1 + 0)/(-3). Let j be m(p). What is the greatest common divisor of j and 15?
3
Suppose -2*m + 3*l + 19 = 0, -2*m = -m + 4*l - 26. Calculate the greatest common divisor of m and 154.
14
Suppose 0 = -3*r - 4 + 49. Let c be r - (-3 - -5)/2. Calculate the highest common factor of c and 70.
14
Let m = 3 - 5. Let z be (-3)/(-12)*m*-12. Suppose 2*s = -4*u + z, 2*u - 13 = -s - 2*s. Calculate the highest common factor of s and 35.
5
Suppose -4*w + 9*w = 45. Let f be (2 - w/(-1))*25. Calculate the highest common factor of f and 25.
25
Suppose 2*s + 4*g - 11 = -s, -s - 4*g + 17 = 0. Let f be (-20)/(-6) + 1/s. Let c be ((-7)/3)/((-2)/18). What is the highest common factor of c and f?
3
Suppose v = -v + 56. Let a(p) = p**3 - 10*p**2 + 7*p + 8. Let m be a(9). Let d = -6 - m. Calculate the greatest common factor of d and v.
4
Suppose -3*w + 3*b = -15, b = 3*w - b - 19. Suppose -4*x = -x - 27. Calculate the greatest common divisor of x and w.
9
Suppose -4*o + 2*w - 77 = -683, -5*w - 444 = -3*o. What is the greatest common factor of o and 17?
17
Suppose v - 11 = 11. Calculate the greatest common divisor of v and 22.
22
Let y = -20 + 35. What is the highest common factor of 10 and y?
5
Let i(x) = 2*x**2 - 8*x + 1. Let v be i(-6). Let l = 313 - v. Calculate the greatest common factor of 24 and l.
24
Suppose q + 15 = -4*q + 5*m, 4*q = -4*m + 28. What is the highest common factor of 10 and q?
2
Let d = -3 - -5. Suppose 5*r + 0*p + 2*p = 94, -37 = -d*r - p. Let l(t) = t**2 + 30. Let j be l(0). Calculate the highest common factor of r and j.
10
Suppose 0 = 8*p - 9*p + 72. What is the greatest common divisor of p and 9?
9
Let r be 2/13 + (-1930)/(-130). What is the highest common factor of r and 25?
5
Let r(k) = k**3 + 12*k**2 + 14*k + 3. Let y be r(-11). Let m be -1 - -3 - y/6. Suppose -m = -3*a + 8. Calculate the greatest common factor of 35 and a.
5
Let v = 9 - 16. Let y be (-64)/(-6) - v/21. What is the highest common factor of y and 121?
11
Suppose -17*b = -13*b - 60. What is the greatest common divisor of 75 and b?
15
Suppose -3 = -j - 1. Suppose 1268 = -2*p - 2*a, -j*p - 6*a = -2*a + 1272. Let t be p/(-7) - 6/21. What is the highest common factor of 10 and t?
10
Let d(u) = 2*u**2 - 7*u + 6. Let w be d(5). What is the greatest common factor of w and 21?
21
Let a be (-4 - -9) + 14 + 3. What is the highest common factor of 88 and a?
22
Suppose 23 - 9 = 7*s. Calculate the greatest common divisor of 13 and s.
1
Let r be (308/(-35))/((-2)/40). Let a be ((-1)/1)/((-2)/44). Calculate the highest common divisor of a and r.
22
Let a = -189 + 195. Calculate the greatest common factor of 8 and a.
2
Let v be (8/12)/((-2)/684). Let k be 6/(-21) + v/(-14). Suppose -20 - k = -4*p. Calculate the highest common divisor of 6 and p.
3
Suppose 0 = 3*d + 6*d - 189. Calculate the highest common factor of 3 and d.
3
Suppose -v = 3 - 13. Let o = 85 + -35. Calculate the highest common divisor of o and v.
10
Let v(w) be the second derivative of -w**4/12 + 7*w**3/3 - 5*w**2 + 4*w. Let o be v(11). Let d = o - 11. Calculate the highest common divisor of d and 30.
6
Let u = -10 + 14. Suppose -5*m + 10 + 15 = 0. Suppose -5*q = m*i - 10, i - 6*i = -5*q - 10. What is the greatest common factor of i and u?
2
Let a be 93/12 + (-1)/(-4). Suppose 6 = 2*j - 4. Suppose 2*y = q + a, 4*y - j*q = -0*q + 28. What is the highest common divisor of y and 4?
2
Let m(s) be the first derivative of -s**3/3 - 3*s**2 - 3. Let o be m(-5). Calculate the greatest common factor of 55 and o.
5
Suppose p = 6*p - 170. Calculate the highest common divisor of 272 and p.
34
Suppose -2*b + 132 = 3*k, 3*b - 120 = 4*k + 95. Calculate the greatest common divisor of b and 46.
23
Let k = 11 - 6. Suppose 10 = k*w - 0. Let z be 1/w + (-111)/(-6). What is the highest common divisor of 19 and z?
19
Suppose 4*z = 6*c - 2*c + 940, 0 = 2*z - 5*c - 482. Calculate the highest common divisor of 21 and z.
21
Let n be 44/(-6)*(0 + 3). Let m = -33 - n. Let z = m - -23. What is the greatest common factor of z and 84?
12
Let y(u) = -5*u + 20. Let s be y(-9). Calculate the highest common divisor of s and 26.
13
Suppose -2*v = -22 + 6. Let l be -2 + (-21)/(-6) + 173/2. What is the highest common factor of v and l?
8
Suppose -5*a - 2 = z - 69, 5*a = 4*z + 82. Calculate the highest common factor of a and 112.
14
Suppose -4*b = -5*o + 77, 0 = -3*o + 4*b + 23 + 28. Suppose 572 = 3*v + v. Calculate the greatest common divisor of o and v.
13
Let b be (-4)/6*117/(-26). What is the highest common factor of 21 and b?
3
Let z = 10 - 5. Let a = -77 - -77. Suppose -3 = -x, 0 = -a*o + 5*o - z*x. Calculate the greatest common factor of o and 2.
1
Let o = -12 - -19. Suppose 0 = o*a - 11*a + 200. Calculate the greatest common factor of a and 10.
10
Let x = 26 - 17. Suppose -4*g = -x - 11. Suppose -g = -z + 4. What is the highest common divisor of 63 and z?
9
Suppose 3*a + 0*u - 2*u = 62, -2*a = 3*u - 37. Calculate the highest common divisor of 5 and a.
5
Let l(d) be the first derivative of d**4/4 - 3*d**3 + d**2/2 - 11*d + 1. Let r be l(9). Let c = 58 - r. What is the greatest common divisor of c and 12?
12
Let y(v) = -v**2 - 20*v - 7. Let h be y(-18). Calculate the greatest common divisor of 319 and h.
29
Let q(w) = w**3 - 15*w**2 - 18*w + 4. Let a be q(17). Calculate the highest common divisor of 12 and a.
12
Let i = 44 - 20. Let z = 12 - 6. Calculate the highest common factor of z and i.
6
Let c = 5 - 6. Let p be c*7*(-4)/7. Calculate the greatest common divisor of 8 and p.
4
Let y(t) = t**2 + 20*t + 23. Let n be y(-19). Calculate the highest common divisor of 36 and n.
4
Let c(d) be the second derivative of -d**3/3 + d**2 + 2*d. Let w be c(3). Let o be (-2 - w) + 6 - 2. What is the greatest common factor of 9 and o?
3
Let f be (-2)/(-4) - 27/(-2). Calculate the highest common divisor of f and 14.
14
Suppose 2*g + o - 23 = 16, 0 = 5*o + 15. Calculate the highest common factor of 147 and g.
21
Let x(m) = m**3 - 5*m**2 + 2*m + 6. Let a be x(5). What is the greatest common divisor of 128 and a?
16
Let h be (-16)/(-6)*3/(-1). Let i = h + 5. Let f be 11/(2*i/(-6)). What is the highest common divisor of f and 22?
11
Let n be ((-3)/(-2))/(12/800). Suppose 3*o - o = 4*p - n, -4*p = 2*o - 92. What is the greatest common divisor of p and 36?
12
Let p be 2 + -4 - -9 - 2. Suppose -2*c = -7*c - p*k - 45, -c - 15 = -2*k. Let z = 39 + c. Calculate the greatest common factor of 14 and z.
14
Suppose 5*m - 18 = 3*m. Let v = 11 + m. Suppose 4 = -c + v. What is the greatest common factor of c and 144?
16
Let l(a) be the second derivative of a**5/20 + 7*a**4/12 + a**3 + 3*a**2 + 4*a. Let o be l(-6). Calculate the greatest common divisor of o and 30.
6
Suppose -2*w = 3*w. Suppose w = -3*m + 78 + 6. Let t = -25 - -29. What is the highest common divisor of m and t?
4
Let x(q) = q**3 + 7*q**2 - 7*q - 9. Let f(j) = 3*j + 8. Let k be f(-5). Let u be x(k). What is the greatest common factor of 5 and u?
5
Suppose 11*q = -3*q + 210. What is the highest common factor of 30 and q?
15
Suppose -2*v = -5*a - 10, -v + 46 = 3*v + 3*a. What is the highest common factor of 110 and v?
10
Let c(j) be the third derivative of j**6/120 + 13*j**5/60 - j**4/24 - j**3/2 - 6*j**2. Let b be c(-13). What is the greatest common factor of b and 80?
10
Suppose b - 3*i - 4 = -7*i, -3*b - i = -1. Suppose b = -3*w - 2*w + 120. Suppose -3*g = 2*g - 15. What is the highest common divisor of g and w?
3
Let g(b) = -b + 11. Let w be g(9). Let y(d) = -3*d - 5*d - 2*d + d**w - 1 + 4*d. Let j be y(9). Calculate the highest common factor of j and 39.
13
Let s = -20 + 30. What is the highest common factor of 15 and s?
5
Let l be (59 - -5 - 3) + 0 + 3. What is the highest common factor of 16 and l?
16
Suppose 0*o - 5 = -4*p - o, -p = -o + 5. Let c = p + 11. Calculate the highest common divisor of 22 and c.
11
Let n be 10/(-45) + (-56)/(-9). Let m be 104/n - 8/(-12). Let c be (-5 - -1)*m/(-8). Calculate the highest common factor of 63 and c.
9
Let a = 4 - 2. Suppose -4*v + 84 = -4*k, 2*k + 3*k = a*v - 27. Let l be -4 - -2 - v/(-2). What is the greatest common divisor of l and 121?
11
Let q(i) = 3*i**2 - 28*i + 11. Let s be q(9). What is the highest common fa